 (6 - -14) - 61?
-31
15 + -1 + 15 + -17
12
1 + -7 + 8 + 7 + -4 + -4
1
What is (35 - (48 - 11)) + 3?
1
5 - (-5 - (-4 - (3 - 3) - 1))
5
(6 - 10 - 4) + -7 + -4
-19
Evaluate 63 - 84 - (-17 - -3).
-7
-12 - 1 - -14 - (1 + -1)
1
What is (235 - 251) + (-5 - 4)?
-25
Evaluate (-5 - (8 + -11)) + (-3 - -14) - -1.
10
Calculate -1 - (-126 + 136 + -1 + -1).
-9
5 + (36 - 36) + 0 + 1 + 2
8
What is the value of (-2 - 3) + -3 + 2 + 14?
8
Evaluate ((17 + -10 - 4) + 0 - 7) + -9.
-13
What is the value of (-14 - (-32 - -9)) + -2?
7
What is -1 + -3 + (75 - 14) + -51?
6
Calculate (-3 - 5) + (156 - 142).
6
32 + 10 - 23 - 19
0
What is the value of -3 + (-6 + 8 - (17 + -2))?
-16
What is (250 - 252) + (0 - -2) + 18 + -2?
16
-29 - 41 - -84 - (8 + 0 + -1)
7
What is (1 - (-7 - -4)) + 8 + -34 + 14?
-8
Evaluate -20 + 37 - (-8 - -17).
8
Evaluate (1 - 17) + 21 + -17 + 1.
-11
Evaluate (1042 - 1050) + (-8 - -1).
-15
What is 11 + -1 + -4 + 1 + 15?
22
What is the value of 12 + 1 + (-2 - 30 - -9)?
-10
21 + -16 + (4 + -27 - 3)
-21
What is the value of (-5 - (-9 + -4)) + (-2 - 22)?
-16
Evaluate 0 - (9 + (-1 - 1 - -4)).
-11
What is the value of 0 - -26 - (2 - (-12 + 6 - 0))?
18
1 + 6 - (-10 + 16)
1
Evaluate -21 - (-8 + (5 - 15)).
-3
What is the value of -6 - (7 + -8 + -11)?
6
What is 1 + -18 - (4 - ((5 - 0) + 3))?
-13
-3 + 0 - (1 + -2)
-2
What is the value of -4 + 0 - (-848 - -853)?
-9
What is (-1 - -1) + 54 + -65 - -7?
-4
Calculate -7 + (-12 - (-22 - -6)).
-3
Evaluate -9 + (3 - 4) + -1 + -7.
-18
What is (6 - 17) + 15 - (7 - -23 - 5)?
-21
What is -11 - (0 + -10 - -5) - -31?
25
Calculate -19 + -24 + 42 + (8 - -1).
8
(-18 - (-3 + -6)) + (11 - 13)
-11
What is (11 - 9) + -13 + -2 - (0 + -2)?
-11
Calculate -20 - (1 + -3 + 11 - 11).
-18
What is 9 - -2 - (-5 + (0 + 3 - 2))?
15
Evaluate 14 - (0 - (-17 + 5)).
2
Calculate 0 + (9 - -10) + -4 + 3 + 0.
18
What is the value of 0 + -2 + -3 + 225 + -218?
2
What is 17 - (54 - (29 + -8))?
-16
27 + 4 + -6 + -18
7
What is 0 + (-24 - (-6 - -2)) + 8?
-12
Calculate (-7 - -2) + (-12 + 5 - (0 - 16)).
4
What is 80 + -71 + -40 + -4 + 8?
-27
Calculate -9 - (20 + 19 - 23).
-25
What is the value of (9 - 23) + 20 - (18 - (0 + 0))?
-12
What is 2 - (-46 + (39 - 14))?
23
What is (24 - -7) + 15 + -30?
16
Evaluate (-12 - 1) + (3 - (7 + -5) - 1).
-13
Calculate -4 + (10 - (-9 + 3 - 1 - 1)).
14
Calculate (0 - (-2 + -8)) + -3 - (-4 + -2).
13
What is the value of -62 - -58 - (-8 + 5 + (0 - 8))?
7
Calculate -13 + 12 + -13 - -16.
2
What is -2 + -2 - (-26 - (21 + -44))?
-1
(6 + 5 - 13) + (0 - -17)
15
What is 0 + 10 - (2 - -10) - 0?
-2
What is the value of 21 + (-18 - 6 - -20)?
17
What is the value of -11 + 7 + (11 - 8) + 2?
1
4 + (-8 - 5 - -8) + -9
-10
What is -8 - -1 - (-1105 - -1129)?
-31
Calculate -9 + (-8 - (8 - 3 - 17)).
-5
Calculate 18 - (-20 + 41 + -33).
30
What is 1 + 15 - (494 - 494)?
16
Evaluate (9 - 7) + (20 - 6) + -14.
2
What is -10 + (2 - 3 - 2 - (-1 - 1))?
-11
-18 - (49 - 23) - -23
-21
What is the value of -8 + (1 - -11 - (26 - 26))?
4
Calculate 10 + 0 + -4 + 1 + -5 + 1.
3
32 + (12 - 17 - 7) + (-1 - 4)
15
What is the value of -16 + -7 + (6 - -7)?
-10
What is the value of -2 + (8 + 0 - (78 + -77))?
5
-7 - (-1 + 0 + 1) - (1074 - 1078)
-3
What is (0 - 4) + 1 + (22 - (34 - 7))?
-8
What is the value of -11 + 2 - ((-10 - (-3 - 0)) + 10)?
-12
(5 - 0) + (-1 - -14) - 8
10
-4 + -5 + (-6 - 9 - -8)
-16
Calculate 8 + 4 + -21 - -3.
-6
Calculate 7 - 15 - (-6 + 29 + -2).
-29
What is the value of -14 - -2 - 6 - (-3 + -1)?
-14
3 + 14 + (-55 - -15)
-23
Evaluate -12 + 16 + (0 - -4).
8
What is the value of -5 - ((-6 - -4) + 3)?
-6
What is the value of -4 + (-2 + 1 + 14 + -15 - 4)?
-10
8 - 14 - (-16 - (-5 - -1 - -4))
10
What is the value of -23 - (-8 - 3) - (-12 + 7)?
-7
Evaluate -10 + 14 + -5 - (34 + -19).
-16
What is the value of -5 + (20 - -6 - 14) - -14?
21
What is -4 - (9 - (10 + -4 - 17 - -51))?
27
What is the value of -5 + -13 + 30 - (0 - 6)?
18
What is the value of -10 - 8 - (-1 + 4 - (-25 + 25))?
-21
Calculate (9 - 8) + (-11 - 2) - -32.
20
Evaluate 9 + -25 + -4 - -13.
-7
(-8 - (40 - 9)) + 24
-15
Calculate (3 - 17) + (-5 - (21 + -10 + -19)).
-11
-7 - (-199 - -190 - (9 + 0))
11
Evaluate -11 + 1 + (211 - 202).
-1
Calculate 27 + -2 - 12 - -5.
18
Calculate 17 + (70 - 104) + (0 + -1 - 11).
-29
What is (0 - 11) + -50 + 65 - 19?
-15
(0 - 3) + 1 + 3 + 0
1
Calculate 25 + -2 + (-2 - 6).
15
Evaluate 17 + -10 + -12 + 12.
7
What is the value of -2 - (2 - -12) - (-25 - -13)?
-4
38 + -8 + -13 - (4 - 8 - -14)
7
(20 - (-16 + 32)) + -16
-12
Evaluate 1 + -24 - (-25 + 21).
-19
Evaluate 6 + (-9 - 8) - -13.
2
Calculate -14 + 2 + -844 + 823.
-33
Calculate (-9 - (1 - -2) - 10) + 7.
-15
What is the value of 2 - (16 - (0 + 8 + -1))?
-7
What is -37 + 49 + -12 + -1?
-1
What is (-167 - -184) + (-15 - 0)?
2
Evaluate 1 + (6 - 2) - (36 + -28).
-3
Evaluate 83 + -73 + (-9 - 1).
0
-96 - -93 - (-7 + 2)
2
What is (9 - 23) + (-2 - (9 + -6 + 6))?
-25
Calculate 8 + -40 + 29 + 22.
19
What is (5 - (11 + 2)) + 4 - (2 + -2)?
-4
Evaluate -7 + -2 + -2 + (5 + -11 - -1).
-16
Evaluate -1400 + 1391 - (-1 + -16 + 0).
8
5 + (1 - -3) + (-24 - -27) + -1
11
-2 - ((41 - 21) + -24) - (-1 + 0)
3
Evaluate (-9 + (1 - -3) - -1 - -2) + 1.
-1
What is the value of 1 - (1 + (2 - -1)) - -22?
19
What is the value of 35 + -18 + -10 + (-16 - -2)?
-7
Evaluate (-16 - 4) + 1 + 2 + 4 + -14.
-27
Evaluate -2 - -18 - (4 - (8 + -19) - 24).
25
Calculate 3 + 1 + 9 + -7 + 4.
10
-1 + -5 + (-9 - -20) + -6
-1
What is 2 + -1 - (-769 - -741)?
29
-15 + (-4 - (0 - 7)) + (3 - 1)
-10
What is -16 - (8 + -33 - -20)?
-11
What is the value of 7 + (-11 - (-13 - -9)) - 4?
-4
What is the value of -6 - (-23 - 3) - (12 + 4 - 19)?
23
Evaluate (25 - 51 - -49) + -48.
-25
Evaluate -47 + -36 + 77 - -4.
-2
Evaluate -173 + 159 + (0 - (4 + -4 + -3)).
-11
-12 - (-4 + (0 - 2) + 10)
-16
(6 - (9 + -10) - (-2 - -16)) + 18
11
What is the value of (72 - 88) + (-17 - -5)?
-28
-5 + (15 + (14 - 14) - 40)
-30
Evaluate (53 - (-34 + 56)) + -10.
21
Calculate 10 + -5 + (-2 - 2) + -10 + -3.
-12
Evaluate (17 - (-4 + 1)) + -9 + -13 + 15.
13
Evaluate 0 - 3 - (-3 + -6) - (132 + -110).
-16
1 + 15 + (39 - 48) + 17
24
What is the value of -14 - (5 - (1 + -9 - -6))?
-21
What is the value of -42 - -43 - (4 - (-10 + -4))?
-17
What is -4 - (43 + -25 - 23)?
1
What is the value of 6 + 0 - (135 - 106 - 28)?
5
What is -30 - (-14 - -5) - -9 - -8?
-4
Evaluate -26 - 17 - -55 - (0 - 5).
17
Evaluate -4 + 0 - -4 - (21 + -27).
6
15 + -25 + -1 + -9 + -4
-24
Evaluate -4 - 5 - (4 + -12 + -1).
0
What is -6 + (-3 - ((-11 - -12) + -11))?
1
Calculate -19 + (-12 - ((2 - (19 + -10)) + 0)).
-24
What is the value of 12 - (49 + -42 + 32)?
-27
-17 + -3 + 4 + (-5 - (-12 + 12))
-21
Evaluate -12 - (-1 - 0) - (-30 - -69 - 47).
-3
Calculate 14 + 63 + -19 + -27.
31
Evaluate -1 - -11 - 17 - 7.
-14
Calculate -27 - 4 - (-18 - (-8 + -1)).
-22
What is the value of 0 + 12 - (6 - (-21 + 35))?
20
What is 4 + (-2 - 15 - (-5 - -19 - 5))?
-22
What is -6 - 4 - (-44 + 51 + -19)?
2
-1 - -39 - (73 - 50)
15
What is 14 + (14 - 36) - (1 - -2)?
-11
Calculate -4 + 38 - (12 - (9 + -3)).
28
What is 1 + 6 - (-13 - (2 + -9))?
13
What is (26 - (10 + 4)) + 0?
12
Calculate 1 - (-11 + (-15 - -7) + 13).
7
What is the value of 3 - 13 - (-3 - 38 - (2 - 1))?
32
(1 + -10 - -12) + 3 + (4 - 3)
7
What is the value of 24 + -30 - (-3 + -6 + 3) - -23?
23
Calculate 3 + 2 + 0 + 157 + -165 - 1.
-4
1 + -61 - (-1784 + 1762)
-38
Calculate -11 + 3 + 4 - 13 - -3.
-14
Calculate (-27 - 0) + (7 - (15 - 11) - -6).
-18
What is -1 + -2 + -9 - (-6 + 13 + -10)?
-9
45 + -50 - (1 - -2 - 4)
-4
What is 2 - (-2 - 1 - (-15 + 4 + -9))?
-15
17 - 0 - (18 + 5 + -13)
7
-5 + 15 + (0 - 1) + -4 + 11
16
What is 2 + -21 - (-891 + 860)?
12
What is the value of 0 - 18 - (21 + 1 + -378 + 368)?
-30
What is 0 - -11 - (-96 - -98) - 18?
-9
Evaluate 0 - -8 - (44 - 37) - (-2 - 6).
9
What is -1 - -39 - (13 + -13 + (26 - 18))?
30
What is the value of 18 - (15 + (-12 - -18))?
-3
Calculate 0 - -2 - -13 - (-1679 + 1691).
3
Evaluate -2 + 16 + 1 + (33 - (-21 + 57)).
12
Calculate -8 - (1 - (1 - (-5 - -3)) - 7).
1
What is -43 + 35 + 17 + (-3 - -2 - 15)?
-7
Calculate 62 + -51 - (2 - 9).
18
What is (28 - -4) + -11 - 17?
4
What is -9 + (-5 + 12 - 22) + 25?
1
What is the value of -4 + 0 + 1 + (-6 - -14)?
5
Evaluate -2 - (-139